[INFO] fetching crate quantum_random 0.1.0...
[INFO] building quantum_random-0.1.0 against master#881c1ac408d93bb7adaa3a51dabab9266e82eee8 for issue-85264
[INFO] extracting crate quantum_random 0.1.0 into /workspace/builds/worker-8/source
[INFO] validating manifest of crates.io crate quantum_random 0.1.0 on toolchain 881c1ac408d93bb7adaa3a51dabab9266e82eee8
[INFO] running `Command { std: "/workspace/cargo-home/bin/cargo" "+881c1ac408d93bb7adaa3a51dabab9266e82eee8" "metadata" "--manifest-path" "Cargo.toml" "--no-deps", kill_on_drop: false }`
[INFO] started tweaking crates.io crate quantum_random 0.1.0
[INFO] finished tweaking crates.io crate quantum_random 0.1.0
[INFO] tweaked toml for crates.io crate quantum_random 0.1.0 written to /workspace/builds/worker-8/source/Cargo.toml
[INFO] running `Command { std: "/workspace/cargo-home/bin/cargo" "+881c1ac408d93bb7adaa3a51dabab9266e82eee8" "generate-lockfile" "--manifest-path" "Cargo.toml" "-Zno-index-update", kill_on_drop: false }`
[INFO] running `Command { std: "/workspace/cargo-home/bin/cargo" "+881c1ac408d93bb7adaa3a51dabab9266e82eee8" "fetch" "--manifest-path" "Cargo.toml", kill_on_drop: false }`
[INFO] [stderr] warning: only one of `license` or `license-file` is necessary
[INFO] [stderr]  Downloading crates ...
[INFO] [stderr]   Downloaded futures-select-macro-preview v0.3.0-alpha.18
[INFO] [stderr]   Downloaded futures-channel-preview v0.3.0-alpha.18
[INFO] [stderr]   Downloaded futures-sink-preview v0.3.0-alpha.18
[INFO] [stderr]   Downloaded libmath v0.2.1
[INFO] [stderr]   Downloaded futures-join-macro-preview v0.3.0-alpha.18
[INFO] [stderr]   Downloaded futures-util-preview v0.3.0-alpha.18
[INFO] [stderr]   Downloaded futures-preview v0.3.0-alpha.18
[INFO] [stderr]   Downloaded argon2rs v0.2.5
[INFO] [stderr]   Downloaded futures-io-preview v0.3.0-alpha.18
[INFO] [stderr]   Downloaded redox_users v0.2.0
[INFO] [stderr]   Downloaded mut_static v5.0.0
[INFO] [stderr]   Downloaded futures-core-preview v0.3.0-alpha.18
[INFO] [stderr]   Downloaded futures-executor-preview v0.3.0-alpha.18
[INFO] [stderr]   Downloaded dirs-2 v1.1.0
[INFO] running `Command { std: "docker" "create" "-v" "/var/lib/crater-agent-workspace/builds/worker-8/target:/opt/rustwide/target:rw,Z" "-v" "/var/lib/crater-agent-workspace/builds/worker-8/source:/opt/rustwide/workdir:ro,Z" "-v" "/var/lib/crater-agent-workspace/cargo-home:/opt/rustwide/cargo-home:ro,Z" "-v" "/var/lib/crater-agent-workspace/rustup-home:/opt/rustwide/rustup-home:ro,Z" "-e" "SOURCE_DIR=/opt/rustwide/workdir" "-e" "CARGO_TARGET_DIR=/opt/rustwide/target" "-e" "CARGO_HOME=/opt/rustwide/cargo-home" "-e" "RUSTUP_HOME=/opt/rustwide/rustup-home" "-w" "/opt/rustwide/workdir" "-m" "1610612736" "--user" "0:0" "--network" "none" "ghcr.io/rust-lang/crates-build-env/linux@sha256:20528e8c29e4536546f0102ce88568b16ea7538393a33fcca951030f7af10457" "/opt/rustwide/cargo-home/bin/cargo" "+881c1ac408d93bb7adaa3a51dabab9266e82eee8" "metadata" "--no-deps" "--format-version=1", kill_on_drop: false }`
[INFO] [stdout] b2fd2f8782153a5d6e58330aac415160df38ce43eb36acebbfeff330ba1909db
[INFO] [stderr] WARNING: Your kernel does not support swap limit capabilities or the cgroup is not mounted. Memory limited without swap.
[INFO] running `Command { std: "docker" "start" "-a" "b2fd2f8782153a5d6e58330aac415160df38ce43eb36acebbfeff330ba1909db", kill_on_drop: false }`
[INFO] running `Command { std: "docker" "inspect" "b2fd2f8782153a5d6e58330aac415160df38ce43eb36acebbfeff330ba1909db", kill_on_drop: false }`
[INFO] running `Command { std: "docker" "rm" "-f" "b2fd2f8782153a5d6e58330aac415160df38ce43eb36acebbfeff330ba1909db", kill_on_drop: false }`
[INFO] [stdout] b2fd2f8782153a5d6e58330aac415160df38ce43eb36acebbfeff330ba1909db
[INFO] running `Command { std: "docker" "create" "-v" "/var/lib/crater-agent-workspace/builds/worker-8/target:/opt/rustwide/target:rw,Z" "-v" "/var/lib/crater-agent-workspace/builds/worker-8/source:/opt/rustwide/workdir:ro,Z" "-v" "/var/lib/crater-agent-workspace/cargo-home:/opt/rustwide/cargo-home:ro,Z" "-v" "/var/lib/crater-agent-workspace/rustup-home:/opt/rustwide/rustup-home:ro,Z" "-e" "SOURCE_DIR=/opt/rustwide/workdir" "-e" "CARGO_TARGET_DIR=/opt/rustwide/target" "-e" "CARGO_INCREMENTAL=0" "-e" "RUST_BACKTRACE=full" "-e" "RUSTFLAGS=--cap-lints=forbid" "-e" "CARGO_HOME=/opt/rustwide/cargo-home" "-e" "RUSTUP_HOME=/opt/rustwide/rustup-home" "-w" "/opt/rustwide/workdir" "-m" "1610612736" "--user" "0:0" "--network" "none" "ghcr.io/rust-lang/crates-build-env/linux@sha256:20528e8c29e4536546f0102ce88568b16ea7538393a33fcca951030f7af10457" "/opt/rustwide/cargo-home/bin/cargo" "+881c1ac408d93bb7adaa3a51dabab9266e82eee8" "build" "--frozen" "--message-format=json", kill_on_drop: false }`
[INFO] [stdout] aeb0c22253ca14ac03cef96337bdbf6d01c582cacc427fb4a034a28f8bc90dee
[INFO] [stderr] WARNING: Your kernel does not support swap limit capabilities or the cgroup is not mounted. Memory limited without swap.
[INFO] running `Command { std: "docker" "start" "-a" "aeb0c22253ca14ac03cef96337bdbf6d01c582cacc427fb4a034a28f8bc90dee", kill_on_drop: false }`
[INFO] [stderr] warning: only one of `license` or `license-file` is necessary
[INFO] [stderr]    Compiling autocfg v1.0.1
[INFO] [stderr]    Compiling maybe-uninit v2.0.0
[INFO] [stderr]    Compiling either v1.6.1
[INFO] [stderr]    Compiling proc-macro2 v0.4.30
[INFO] [stderr]    Compiling syn v0.15.44
[INFO] [stderr]    Compiling futures-core-preview v0.3.0-alpha.18
[INFO] [stderr]    Compiling openssl v0.10.34
[INFO] [stderr]    Compiling percent-encoding v1.0.1
[INFO] [stderr]    Compiling foreign-types-shared v0.1.1
[INFO] [stderr]    Compiling native-tls v0.2.7
[INFO] [stderr]    Compiling serde_json v1.0.64
[INFO] [stderr]    Compiling rayon-core v1.9.1
[INFO] [stderr]    Compiling once_cell v1.7.2
[INFO] [stderr]    Compiling futures-io-preview v0.3.0-alpha.18
[INFO] [stderr]    Compiling error-chain v0.10.0
[INFO] [stderr]    Compiling tokio-sync v0.1.8
[INFO] [stderr]    Compiling try_from v0.3.2
[INFO] [stderr]    Compiling base64 v0.10.1
[INFO] [stderr]    Compiling iovec v0.1.4
[INFO] [stderr]    Compiling num_cpus v1.13.0
[INFO] [stderr]    Compiling parking_lot_core v0.6.2
[INFO] [stderr]    Compiling parking_lot v0.9.0
[INFO] [stderr]    Compiling net2 v0.2.37
[INFO] [stderr]    Compiling getrandom v0.1.16
[INFO] [stderr]    Compiling idna v0.1.5
[INFO] [stderr]    Compiling hyper v0.12.36
[INFO] [stderr]    Compiling rand_os v0.1.3
[INFO] [stderr]    Compiling want v0.2.0
[INFO] [stderr]    Compiling rand v0.4.6
[INFO] [stderr]    Compiling dirs-2 v1.1.0
[INFO] [stderr]    Compiling serde_derive v1.0.126
[INFO] [stderr]    Compiling publicsuffix v1.5.6
[INFO] [stderr]    Compiling foreign-types v0.3.2
[INFO] [stderr]    Compiling futures-sink-preview v0.3.0-alpha.18
[INFO] [stderr]    Compiling rand_core v0.5.1
[INFO] [stderr]    Compiling bytes v0.4.12
[INFO] [stderr]    Compiling futures-cpupool v0.1.8
[INFO] [stderr]    Compiling mut_static v5.0.0
[INFO] [stderr]    Compiling rand v0.6.5
[INFO] [stderr]    Compiling futures-channel-preview v0.3.0-alpha.18
[INFO] [stderr]    Compiling mio v0.6.23
[INFO] [stderr]    Compiling url v1.7.2
[INFO] [stderr]    Compiling tokio-io v0.1.13
[INFO] [stderr]    Compiling http v0.1.21
[INFO] [stderr]    Compiling string v0.2.1
[INFO] [stderr]    Compiling tokio-buf v0.1.1
[INFO] [stderr]    Compiling rand_chacha v0.2.2
[INFO] [stderr]    Compiling rand v0.3.23
[INFO] [stderr]    Compiling crossbeam-utils v0.7.2
[INFO] [stderr]    Compiling memoffset v0.5.6
[INFO] [stderr]    Compiling crossbeam-epoch v0.8.2
[INFO] [stderr]    Compiling openssl-sys v0.9.63
[INFO] [stderr]    Compiling miniz_oxide v0.4.4
[INFO] [stderr]    Compiling crossbeam-utils v0.8.4
[INFO] [stderr]    Compiling memoffset v0.6.4
[INFO] [stderr]    Compiling indexmap v1.6.2
[INFO] [stderr]    Compiling num-traits v0.2.14
[INFO] [stderr]    Compiling num-integer v0.1.44
[INFO] [stderr]    Compiling rayon v1.5.1
[INFO] [stderr]    Compiling smallvec v0.6.14
[INFO] [stderr]    Compiling rand v0.7.3
[INFO] [stderr]    Compiling libmath v0.2.1
[INFO] [stderr]    Compiling quote v0.6.13
[INFO] [stderr]    Compiling cookie v0.12.0
[INFO] [stderr]    Compiling backtrace v0.3.59
[INFO] [stderr]    Compiling flate2 v1.0.20
[INFO] [stderr]    Compiling uuid v0.7.4
[INFO] [stderr]    Compiling tokio-executor v0.1.10
[INFO] [stderr]    Compiling crossbeam-queue v0.2.3
[INFO] [stderr]    Compiling crossbeam-epoch v0.9.4
[INFO] [stderr]    Compiling crossbeam-channel v0.5.1
[INFO] [stderr]    Compiling crossbeam-deque v0.7.3
[INFO] [stderr]    Compiling tokio-timer v0.2.13
[INFO] [stderr]    Compiling tokio-current-thread v0.1.7
[INFO] [stderr]    Compiling failure v0.1.8
[INFO] [stderr]    Compiling tokio-threadpool v0.1.18
[INFO] [stderr]    Compiling crossbeam-deque v0.8.0
[INFO] [stderr]    Compiling atoi v0.3.3
[INFO] [stderr]    Compiling h2 v0.1.26
[INFO] [stderr]    Compiling http-body v0.1.0
[INFO] [stderr]    Compiling serde v1.0.126
[INFO] [stderr]    Compiling futures-select-macro-preview v0.3.0-alpha.18
[INFO] [stderr]    Compiling futures-join-macro-preview v0.3.0-alpha.18
[INFO] [stderr]    Compiling futures-util-preview v0.3.0-alpha.18
[INFO] [stderr]    Compiling lock_api v0.3.4
[INFO] [stderr]    Compiling serde_urlencoded v0.5.5
[INFO] [stderr]    Compiling chrono v0.4.19
[INFO] [stderr]    Compiling bincode v1.3.3
[INFO] [stdout] error[E0658]: trait bounds other than `Sized` on const fn parameters are unstable
[INFO] [stdout]    --> /opt/rustwide/cargo-home/registry/src/github.com-1ecc6299db9ec823/lock_api-0.3.4/src/mutex.rs:106:6
[INFO] [stdout]     |
[INFO] [stdout] 106 | impl<R: RawMutex, T> Mutex<R, T> {
[INFO] [stdout]     |      ^
[INFO] [stdout]     |
[INFO] [stdout]     = note: see issue #57563 <https://github.com/rust-lang/rust/issues/57563> for more information
[INFO] [stdout]     = help: add `#![feature(const_fn_trait_bound)]` to the crate attributes to enable
[INFO] [stdout] 
[INFO] [stdout] 
[INFO] [stdout] error[E0658]: trait bounds other than `Sized` on const fn parameters are unstable
[INFO] [stdout]    --> /opt/rustwide/cargo-home/registry/src/github.com-1ecc6299db9ec823/lock_api-0.3.4/src/remutex.rs:162:6
[INFO] [stdout]     |
[INFO] [stdout] 162 | impl<R: RawMutex, G: GetThreadId, T> ReentrantMutex<R, G, T> {
[INFO] [stdout]     |      ^
[INFO] [stdout]     |
[INFO] [stdout]     = note: see issue #57563 <https://github.com/rust-lang/rust/issues/57563> for more information
[INFO] [stdout]     = help: add `#![feature(const_fn_trait_bound)]` to the crate attributes to enable
[INFO] [stdout] 
[INFO] [stdout] 
[INFO] [stdout] error[E0658]: trait bounds other than `Sized` on const fn parameters are unstable
[INFO] [stdout]    --> /opt/rustwide/cargo-home/registry/src/github.com-1ecc6299db9ec823/lock_api-0.3.4/src/remutex.rs:162:19
[INFO] [stdout]     |
[INFO] [stdout] 162 | impl<R: RawMutex, G: GetThreadId, T> ReentrantMutex<R, G, T> {
[INFO] [stdout]     |                   ^
[INFO] [stdout]     |
[INFO] [stdout]     = note: see issue #57563 <https://github.com/rust-lang/rust/issues/57563> for more information
[INFO] [stdout]     = help: add `#![feature(const_fn_trait_bound)]` to the crate attributes to enable
[INFO] [stdout] 
[INFO] [stdout] 
[INFO] [stdout] error[E0658]: trait bounds other than `Sized` on const fn parameters are unstable
[INFO] [stdout]    --> /opt/rustwide/cargo-home/registry/src/github.com-1ecc6299db9ec823/lock_api-0.3.4/src/rwlock.rs:271:6
[INFO] [stdout]     |
[INFO] [stdout] 271 | impl<R: RawRwLock, T> RwLock<R, T> {
[INFO] [stdout]     |      ^
[INFO] [stdout]     |
[INFO] [stdout]     = note: see issue #57563 <https://github.com/rust-lang/rust/issues/57563> for more information
[INFO] [stdout]     = help: add `#![feature(const_fn_trait_bound)]` to the crate attributes to enable
[INFO] [stdout] 
[INFO] [stdout] 
[INFO] [stdout] error: aborting due to 4 previous errors
[INFO] [stdout] 
[INFO] [stdout] 
[INFO] [stdout] For more information about this error, try `rustc --explain E0658`.
[INFO] [stdout] 
[INFO] [stderr] error: could not compile `lock_api`
[INFO] [stderr] 
[INFO] [stderr] To learn more, run the command again with --verbose.
[INFO] [stderr] warning: build failed, waiting for other jobs to finish...
[INFO] [stderr] error: build failed
[INFO] running `Command { std: "docker" "inspect" "aeb0c22253ca14ac03cef96337bdbf6d01c582cacc427fb4a034a28f8bc90dee", kill_on_drop: false }`
[INFO] running `Command { std: "docker" "rm" "-f" "aeb0c22253ca14ac03cef96337bdbf6d01c582cacc427fb4a034a28f8bc90dee", kill_on_drop: false }`
[INFO] [stdout] aeb0c22253ca14ac03cef96337bdbf6d01c582cacc427fb4a034a28f8bc90dee
